{"id":75819,"date":"2025-01-07T15:16:58","date_gmt":"2025-01-07T18:16:58","guid":{"rendered":"http:\/\/ricardolocacaodemaquinas.com.br\/?post_type=product&#038;p=75819"},"modified":"2025-01-07T15:16:58","modified_gmt":"2025-01-07T18:16:58","slug":"compressor-de-ar-10-pes-70l-2hp","status":"publish","type":"product","link":"https:\/\/ricardolocacaodemaquinas.com.br\/?product=compressor-de-ar-10-pes-70l-2hp","title":{"rendered":"Compressor De Ar 10 P\u00e9s 70l 2hp"},"content":{"rendered":"","protected":false},"excerpt":{"rendered":"<p>Compressor com reservat\u00f3rio horizontal, sistema de prote\u00e7\u00e3o dupla nas girantes e motor com protetor t\u00e9rmico, possui sistema de opera\u00e7\u00e3o em V, garantindo maior vida \u00fatil e proporcionando melhor trabalho em diversas aplica\u00e7\u00f5es de baixa e m\u00e9dia exig\u00eancia. Ideal para postos de servi\u00e7os, fazendas, borracharias, lava r\u00e1pido, serralheria e constru\u00e7\u00e3o civil.<\/p>\n","protected":false},"featured_media":75820,"comment_status":"open","ping_status":"closed","template":"","meta":[],"product_cat":[86],"product_tag":[],"class_list":{"0":"post-75819","1":"product","2":"type-product","3":"status-publish","4":"has-post-thumbnail","6":"product_cat-pintura","8":"first","9":"instock","10":"shipping-taxable","11":"product-type-simple"},"_links":{"self":[{"href":"https:\/\/ricardolocacaodemaquinas.com.br\/index.php?rest_route=\/wp\/v2\/product\/75819","targetHints":{"allow":["GET"]}}],"collection":[{"href":"https:\/\/ricardolocacaodemaquinas.com.br\/index.php?rest_route=\/wp\/v2\/product"}],"about":[{"href":"https:\/\/ricardolocacaodemaquinas.com.br\/index.php?rest_route=\/wp\/v2\/types\/product"}],"replies":[{"embeddable":true,"href":"https:\/\/ricardolocacaodemaquinas.com.br\/index.php?rest_route=%2Fwp%2Fv2%2Fcomments&post=75819"}],"wp:featuredmedia":[{"embeddable":true,"href":"https:\/\/ricardolocacaodemaquinas.com.br\/index.php?rest_route=\/wp\/v2\/media\/75820"}],"wp:attachment":[{"href":"https:\/\/ricardolocacaodemaquinas.com.br\/index.php?rest_route=%2Fwp%2Fv2%2Fmedia&parent=75819"}],"wp:term":[{"taxonomy":"product_cat","embeddable":true,"href":"https:\/\/ricardolocacaodemaquinas.com.br\/index.php?rest_route=%2Fwp%2Fv2%2Fproduct_cat&post=75819"},{"taxonomy":"product_tag","embeddable":true,"href":"https:\/\/ricardolocacaodemaquinas.com.br\/index.php?rest_route=%2Fwp%2Fv2%2Fproduct_tag&post=75819"}],"curies":[{"name":"wp","href":"https:\/\/api.w.org\/{rel}","templated":true}]}}