{"id":75658,"date":"2024-12-17T16:59:27","date_gmt":"2024-12-17T19:59:27","guid":{"rendered":"http:\/\/ricardolocacaodemaquinas.com.br\/?post_type=product&#038;p=75658"},"modified":"2024-12-20T16:52:30","modified_gmt":"2024-12-20T19:52:30","slug":"perfurador-de-solo","status":"publish","type":"product","link":"https:\/\/ricardolocacaodemaquinas.com.br\/?product=perfurador-de-solo","title":{"rendered":"Perfurador de Solo"},"content":{"rendered":"","protected":false},"excerpt":{"rendered":"<p>Perfeito para os usu\u00e1rios dos mercados florestal, agropecu\u00e1rio e de constru\u00e7\u00e3o civil, o\u00a0perfurador possui f\u00e1cil opera\u00e7\u00e3o e conex\u00e3o de diagn\u00f3stico para MDG 1, que possibilita a verifica\u00e7\u00e3o do n\u00famero de s\u00e9rie e da quantidade de horas uso da m\u00e1quina, al\u00e9m de fazer o arquivamento das falhas. Seu excelente tempo de opera\u00e7\u00e3o, at\u00e9 30% maior se comparado com a vers\u00e3o anterior, traz maior produtividade e agilidade na perfura\u00e7\u00e3o, que \u00e9 executada com baixa vibra\u00e7\u00e3o no cabo de controle, facilitando ainda mais os trabalhos que exigem maior desempenho.<\/p>\n","protected":false},"featured_media":75659,"comment_status":"open","ping_status":"closed","template":"","meta":[],"product_cat":[84],"product_tag":[],"class_list":{"0":"post-75658","1":"product","2":"type-product","3":"status-publish","4":"has-post-thumbnail","6":"product_cat-jardinagem","8":"first","9":"instock","10":"shipping-taxable","11":"product-type-simple"},"_links":{"self":[{"href":"https:\/\/ricardolocacaodemaquinas.com.br\/index.php?rest_route=\/wp\/v2\/product\/75658","targetHints":{"allow":["GET"]}}],"collection":[{"href":"https:\/\/ricardolocacaodemaquinas.com.br\/index.php?rest_route=\/wp\/v2\/product"}],"about":[{"href":"https:\/\/ricardolocacaodemaquinas.com.br\/index.php?rest_route=\/wp\/v2\/types\/product"}],"replies":[{"embeddable":true,"href":"https:\/\/ricardolocacaodemaquinas.com.br\/index.php?rest_route=%2Fwp%2Fv2%2Fcomments&post=75658"}],"wp:featuredmedia":[{"embeddable":true,"href":"https:\/\/ricardolocacaodemaquinas.com.br\/index.php?rest_route=\/wp\/v2\/media\/75659"}],"wp:attachment":[{"href":"https:\/\/ricardolocacaodemaquinas.com.br\/index.php?rest_route=%2Fwp%2Fv2%2Fmedia&parent=75658"}],"wp:term":[{"taxonomy":"product_cat","embeddable":true,"href":"https:\/\/ricardolocacaodemaquinas.com.br\/index.php?rest_route=%2Fwp%2Fv2%2Fproduct_cat&post=75658"},{"taxonomy":"product_tag","embeddable":true,"href":"https:\/\/ricardolocacaodemaquinas.com.br\/index.php?rest_route=%2Fwp%2Fv2%2Fproduct_tag&post=75658"}],"curies":[{"name":"wp","href":"https:\/\/api.w.org\/{rel}","templated":true}]}}