{"id":75642,"date":"2024-12-17T16:27:51","date_gmt":"2024-12-17T19:27:51","guid":{"rendered":"http:\/\/ricardolocacaodemaquinas.com.br\/?post_type=product&#038;p=75642"},"modified":"2024-12-20T16:37:42","modified_gmt":"2024-12-20T19:37:42","slug":"escoras-de-laje","status":"publish","type":"product","link":"https:\/\/ricardolocacaodemaquinas.com.br\/?product=escoras-de-laje","title":{"rendered":"Escoras de Laje"},"content":{"rendered":"","protected":false},"excerpt":{"rendered":"<p>As Escoras s\u00e3o fabricadas a partir de materiais nobres e sob a orienta\u00e7\u00e3o da NR. A durabilidade, confiabilidade e seguran\u00e7a, s\u00e3o os diferenciais destes produtos. Com acabamento em pintura eletrost\u00e1tica a p\u00f3 e disponibilidade de diversas pe\u00e7as avulsas , essas escoras n\u00e3o podem faltar na sua obra. Confira e n\u00e3o corra riscos!<\/p>\n","protected":false},"featured_media":75643,"comment_status":"open","ping_status":"closed","template":"","meta":[],"product_cat":[79,90],"product_tag":[],"class_list":{"0":"post-75642","1":"product","2":"type-product","3":"status-publish","4":"has-post-thumbnail","6":"product_cat-acesso-e-elevacao","7":"product_cat-destaques","9":"first","10":"instock","11":"shipping-taxable","12":"product-type-simple"},"_links":{"self":[{"href":"https:\/\/ricardolocacaodemaquinas.com.br\/index.php?rest_route=\/wp\/v2\/product\/75642","targetHints":{"allow":["GET"]}}],"collection":[{"href":"https:\/\/ricardolocacaodemaquinas.com.br\/index.php?rest_route=\/wp\/v2\/product"}],"about":[{"href":"https:\/\/ricardolocacaodemaquinas.com.br\/index.php?rest_route=\/wp\/v2\/types\/product"}],"replies":[{"embeddable":true,"href":"https:\/\/ricardolocacaodemaquinas.com.br\/index.php?rest_route=%2Fwp%2Fv2%2Fcomments&post=75642"}],"wp:featuredmedia":[{"embeddable":true,"href":"https:\/\/ricardolocacaodemaquinas.com.br\/index.php?rest_route=\/wp\/v2\/media\/75643"}],"wp:attachment":[{"href":"https:\/\/ricardolocacaodemaquinas.com.br\/index.php?rest_route=%2Fwp%2Fv2%2Fmedia&parent=75642"}],"wp:term":[{"taxonomy":"product_cat","embeddable":true,"href":"https:\/\/ricardolocacaodemaquinas.com.br\/index.php?rest_route=%2Fwp%2Fv2%2Fproduct_cat&post=75642"},{"taxonomy":"product_tag","embeddable":true,"href":"https:\/\/ricardolocacaodemaquinas.com.br\/index.php?rest_route=%2Fwp%2Fv2%2Fproduct_tag&post=75642"}],"curies":[{"name":"wp","href":"https:\/\/api.w.org\/{rel}","templated":true}]}}