{"id":75636,"date":"2024-12-17T16:24:09","date_gmt":"2024-12-17T19:24:09","guid":{"rendered":"http:\/\/ricardolocacaodemaquinas.com.br\/?post_type=product&#038;p=75636"},"modified":"2024-12-20T16:48:28","modified_gmt":"2024-12-20T19:48:28","slug":"sapata-ajustavel-para-andaime","status":"publish","type":"product","link":"https:\/\/ricardolocacaodemaquinas.com.br\/?product=sapata-ajustavel-para-andaime","title":{"rendered":"Sapata Ajust\u00e1vel para Andaime"},"content":{"rendered":"","protected":false},"excerpt":{"rendered":"<p>Sapata Ajust\u00e1vel para Sistema de Escoramento de Lajes e Vigas. Com ele a sua obra ganha: Seguran\u00e7a; Organiza\u00e7\u00e3o e Praticidade; Elimina\u00e7\u00e3o de M\u00e3o de Obra; Montagem \u00e1gil e f\u00e1cil; N\u00e3o requer apoio de madeiras e afins; Flexibilidade e Otimiza\u00e7\u00e3o e muito, muito mais.<\/p>\n","protected":false},"featured_media":75637,"comment_status":"open","ping_status":"closed","template":"","meta":[],"product_cat":[79],"product_tag":[],"class_list":{"0":"post-75636","1":"product","2":"type-product","3":"status-publish","4":"has-post-thumbnail","6":"product_cat-acesso-e-elevacao","8":"first","9":"instock","10":"shipping-taxable","11":"product-type-simple"},"_links":{"self":[{"href":"https:\/\/ricardolocacaodemaquinas.com.br\/index.php?rest_route=\/wp\/v2\/product\/75636","targetHints":{"allow":["GET"]}}],"collection":[{"href":"https:\/\/ricardolocacaodemaquinas.com.br\/index.php?rest_route=\/wp\/v2\/product"}],"about":[{"href":"https:\/\/ricardolocacaodemaquinas.com.br\/index.php?rest_route=\/wp\/v2\/types\/product"}],"replies":[{"embeddable":true,"href":"https:\/\/ricardolocacaodemaquinas.com.br\/index.php?rest_route=%2Fwp%2Fv2%2Fcomments&post=75636"}],"wp:featuredmedia":[{"embeddable":true,"href":"https:\/\/ricardolocacaodemaquinas.com.br\/index.php?rest_route=\/wp\/v2\/media\/75637"}],"wp:attachment":[{"href":"https:\/\/ricardolocacaodemaquinas.com.br\/index.php?rest_route=%2Fwp%2Fv2%2Fmedia&parent=75636"}],"wp:term":[{"taxonomy":"product_cat","embeddable":true,"href":"https:\/\/ricardolocacaodemaquinas.com.br\/index.php?rest_route=%2Fwp%2Fv2%2Fproduct_cat&post=75636"},{"taxonomy":"product_tag","embeddable":true,"href":"https:\/\/ricardolocacaodemaquinas.com.br\/index.php?rest_route=%2Fwp%2Fv2%2Fproduct_tag&post=75636"}],"curies":[{"name":"wp","href":"https:\/\/api.w.org\/{rel}","templated":true}]}}