{"id":75549,"date":"2024-12-16T16:14:03","date_gmt":"2024-12-16T19:14:03","guid":{"rendered":"http:\/\/ricardolocacaodemaquinas.com.br\/?post_type=product&#038;p=75549"},"modified":"2024-12-20T13:43:44","modified_gmt":"2024-12-20T16:43:44","slug":"plaina","status":"publish","type":"product","link":"https:\/\/ricardolocacaodemaquinas.com.br\/?product=plaina","title":{"rendered":"Plaina"},"content":{"rendered":"","protected":false},"excerpt":{"rendered":"<p>Plaina \u00e9 parte do sistema 20V MAX* XR LI-ION com motor sem escovas de cav\u00e3o ( BRUSHLESS) e 15.000 RPM. Acompanha 2 l\u00e2minas de Widea Revers\u00edveis (instaladas) e 1 Guia de corte. Profundidade (m\u00e1xima) de corte 5\/65&#8243; (2mm) e Largura de corte 3-1\/4&#8243; (82mm).<\/p>\n","protected":false},"featured_media":75803,"comment_status":"open","ping_status":"closed","template":"","meta":[],"product_cat":[82],"product_tag":[],"class_list":{"0":"post-75549","1":"product","2":"type-product","3":"status-publish","4":"has-post-thumbnail","6":"product_cat-maquinas-eletricas","8":"first","9":"instock","10":"shipping-taxable","11":"product-type-simple"},"_links":{"self":[{"href":"https:\/\/ricardolocacaodemaquinas.com.br\/index.php?rest_route=\/wp\/v2\/product\/75549","targetHints":{"allow":["GET"]}}],"collection":[{"href":"https:\/\/ricardolocacaodemaquinas.com.br\/index.php?rest_route=\/wp\/v2\/product"}],"about":[{"href":"https:\/\/ricardolocacaodemaquinas.com.br\/index.php?rest_route=\/wp\/v2\/types\/product"}],"replies":[{"embeddable":true,"href":"https:\/\/ricardolocacaodemaquinas.com.br\/index.php?rest_route=%2Fwp%2Fv2%2Fcomments&post=75549"}],"wp:featuredmedia":[{"embeddable":true,"href":"https:\/\/ricardolocacaodemaquinas.com.br\/index.php?rest_route=\/wp\/v2\/media\/75803"}],"wp:attachment":[{"href":"https:\/\/ricardolocacaodemaquinas.com.br\/index.php?rest_route=%2Fwp%2Fv2%2Fmedia&parent=75549"}],"wp:term":[{"taxonomy":"product_cat","embeddable":true,"href":"https:\/\/ricardolocacaodemaquinas.com.br\/index.php?rest_route=%2Fwp%2Fv2%2Fproduct_cat&post=75549"},{"taxonomy":"product_tag","embeddable":true,"href":"https:\/\/ricardolocacaodemaquinas.com.br\/index.php?rest_route=%2Fwp%2Fv2%2Fproduct_tag&post=75549"}],"curies":[{"name":"wp","href":"https:\/\/api.w.org\/{rel}","templated":true}]}}